-131*y**3 - 2*y**2 + 13*y - 129. What is the ten thousands digit of l(-8)?
6
Let q = 59606 + -33622. What is the tens digit of q?
8
Suppose -5*r + 20 = 0, -51*r - 135966 = -2*l - 55*r. What is the units digit of l?
5
Let i = -198 + 255. Suppose -1928 = -59*y + i*y. What is the units digit of y?
4
Let i = 28 + -28. Suppose i = 6*g + 7 + 449. Let j = g + 170. What is the units digit of j?
4
Let g(s) = 4*s**3 - 4*s**2 + 32*s - 4. Suppose p - 2*i - 13 = 0, 23*p - i = 19*p + 24. What is the tens digit of g(p)?
5
Let p(j) = j**3 - 6*j**2 - 5*j + 30. Let c be p(6). Suppose c = 25*g - 21*g - 2112. What is the tens digit of g?
2
Let m = -52 + 50. Let l be 7/m*(-20)/(-35) - -2. What is the units digit of -111*((-2)/2 + l)?
1
What is the hundreds digit of 26583*(-46)/(-90) - 42/(-315)?
5
Suppose -5*h = -5*n + 160, -n - 2*h = -5*n + 124. Suppose n*b - 56*b = -8788. What is the tens digit of b?
3
Let v(y) = -2*y**3 - 10*y**2 - y + 4. Let o be v(-5). Suppose 5*d + b - 5 = 3*d, -3*b = -2*d + o. Suppose d*m - 88 = -m. What is the units digit of m?
2
Let o = -147 - -158. Suppose 7*p + 252 = o*p. What is the tens digit of p?
6
What is the tens digit of ((-262348)/(-52) + 12/(-78))*1?
4
Let b = -230 - -44784. What is the units digit of b?
4
What is the tens digit of 2388/9 + -9 + 116/12?
6
Suppose -180160 = -2*h - 15*h + 197852. What is the tens digit of h?
3
Let d = -12622 + 6007. What is the hundreds digit of 4/3*d/(-42)?
2
Let j = 80 + -9. Suppose -5*n + 5*h + 21 = 126, -3*n = -5*h + j. Let x = n + 122. What is the tens digit of x?
0
Let s be -2 + (9 - (-1)/(-1)). Let h = -7058 + 7681. Suppose -q - 3*g + 217 = 0, 0 = 3*q - s*q - 2*g + h. What is the units digit of q?
5
Let g be 477/(-12)*(-16)/6. Let p(y) = y**2 + 27*y - 86. Let k be p(-30). Suppose 78 = k*o - g. What is the tens digit of o?
4
Suppose -4*c - 2007 = 2209. Let z = 1495 + c. What is the units digit of z?
1
Suppose 0*c - 25 = -5*h + 2*c, 0 = -5*c. Let q(r) = -18*r**2 - 17*r + 28. Let a be q(3). What is the units digit of a*3/(h*-3)?
7
What is the tens digit of (-3)/((-27)/58605) + 30/(-45)?
1
Let x(j) = 8 - 13*j**2 - 2 - 10*j**3 + 9*j**3 + 8*j + 20 - 5. Suppose o = 2*u - 13 + 3, -4*o - 4*u = 64. What is the tens digit of x(o)?
0
Suppose 0*v - v - 52 = 0. Let j = v + 51. What is the tens digit of (3/2)/(j/(-22))?
3
Suppose 890363 = -19*n + 116*n. What is the thousands digit of n?
9
Suppose -13*a - 12*a = 16*a - 714917. What is the tens digit of a?
3
Let t be (-144)/(-3)*(-64)/(-3). Suppose -5*w = i - t - 4851, -4714 = -4*w + 2*i. What is the thousands digit of w?
1
Let k = -31 - -25. Let r be 0/(k/2) + 10. Suppose 1022 = -r*d + 24*d. What is the units digit of d?
3
Let d = -2709 - -1470. Let t = -775 - d. Let o = t + -202. What is the tens digit of o?
6
Let p = 34 + -29. Let j(z) = -z**2 - 4*z + 2. Let i be j(p). What is the tens digit of -1*i/1 + 1?
4
Suppose -381741 - 237792 = -57*h. What is the ten thousands digit of h?
1
Suppose 13*p = 27 + 298. Suppose 10*r - p = 15. What is the hundreds digit of 84/2*(-14)/(-12)*r?
1
Suppose 277*h - 247*h = 1339950. What is the thousands digit of h?
4
Suppose s = -2*s + 30. Suppose 0 = -6*y + s*y - 56. Let o = 62 - y. What is the units digit of o?
8
Suppose 9*z + 21397 - 84649 = 7029. What is the hundreds digit of z?
8
Let s = 10287 + -7011. Suppose -11*i + s = -2*i. What is the tens digit of i?
6
Let k(f) = -3027*f + 36. Let r be k(-2). Suppose r = 16*p - p. What is the tens digit of p?
0
Suppose -5*n + 19*a - 14*a + 9590 = 0, a + 5768 = 3*n. What is the tens digit of n?
2
Let k = -51658 + 73895. What is the thousands digit of k?
2
Let c = -28 + 27. Let r be (-1 - 0)/c + 1. Let i(a) = 10*a**3 - 2*a**2 + 3*a - 3. What is the tens digit of i(r)?
7
Let j be -4 + (-5)/(10/(-18)). Suppose -r = 5*u - 504, -j*r - 432 = -5*u + 48. Suppose -u = -i - 3*i. What is the tens digit of i?
2
Suppose 0 = -13*u + 3625 + 9180. What is the hundreds digit of u?
9
Let d = -24636 - -36907. What is the thousands digit of d?
2
Let t = 26 - 25. Suppose -2*i + t = 3*i + c, 3 = 3*c. Suppose i*p - 174 = -2*p. What is the units digit of p?
7
Let g(c) be the third derivative of 133*c**4/24 + 14*c**3/3 + 10*c**2 + c. What is the units digit of g(2)?
4
Let v = 1222 + -79. Suppose -2*o - v = -2*s + 3*o, -s - 5*o + 579 = 0. What is the units digit of s?
4
Let b(c) = 31*c**2 - 228*c - 284. What is the thousands digit of b(40)?
0
Suppose -2834568 = -5*p + 4*t, 3*t + 680630 = p + 113723. What is the tens digit of 3/((-45)/(-2)) - p/(-630)?
0
Suppose 14*r - 4*r - 20 = 0. Suppose 3*v - 1 = -4*a, 0*v + r*a - 8 = -4*v. What is the tens digit of (-82)/(-26) - v - 2882/(-26)?
1
Let u be (48/56)/((-2)/(-70)). Suppose n - 1027 = -2*x, -4*x - 3001 = -3*n + u. What is the thousands digit of n?
1
Let d = -31638 - -75737. What is the hundreds digit of d?
0
Suppose 4*k = 320*k - 11256552. What is the tens digit of k?
2
Suppose -7*i - 2571 + 125141 = 0. What is the ten thousands digit of i?
1
Suppose -2267 = 3*s - 725. Let x(v) = 83*v**2 + 391*v + 1155. Let d be x(-3). Let z = d + s. What is the hundreds digit of z?
2
Let h(d) = 6736*d - 2425. What is the units digit of h(9)?
9
Suppose -5*c - 3*f = 29, -f - 12 + 1 = 2*c. Let t(v) = -v**3 - 3*v**2 + 5*v + 9. Let w be t(c). Suppose -30 + 885 = w*y. What is the tens digit of y?
7
Let d = 281 + -123. Suppose -147 = -2*s - 5*v + d, 4*v = -4*s + 616. Suppose 5*a - 5*l = s + 60, -4*l = -2*a + 94. What is the units digit of a?
9
Let m(a) = 13*a**2 - 5*a + 28. Let k be m(-15). Suppose 21*p - 7094 = k. What is the tens digit of p?
8
Let h be ((-6147)/12)/((-3)/(-8)). Let a = -637 - h. What is the tens digit of a?
2
Suppose w + 515 - 754 = 0. Let c = 164 + w. What is the units digit of c?
3
Suppose 3*m - x - 25972 = 0, -5*x = -111*m + 106*m + 43280. What is the units digit of m?
8
Let w(q) = 524*q**2 + 28*q + 1. What is the hundreds digit of w(7)?
8
Let x = 132 - 431. Let p = -77 - x. What is the tens digit of p?
2
Suppose 6989 = 10*f + 1279. Suppose -24*q + 27*q - 1663 = 5*r, q = 5*r + f. What is the units digit of q?
6
Suppose -93*p + 6199 = s - 90*p, 4 = p. What is the thousands digit of s?
6
Let p(g) = 710*g + 8798. What is the hundreds digit of p(27)?
9
Suppose -3*l = 4*u - 1720, -2*l - 5*u + 0*u + 1156 = 0. Let g = l - 44. What is the hundreds digit of g?
5
Let t(s) = -7*s + 66. Let v be t(9). Suppose 1759 = 4*m + v*o, -2198 = -5*m + 8*o - 11*o. What is the units digit of m?
9
Let b = 8 - -23. Let k = 6 + -18. Let o = k + b. What is the tens digit of o?
1
Let j(v) = -2*v**3 - 8*v**2 + 22*v - 8. Let w be j(-6). What is the tens digit of (7/(56/274))/(w/96)?
2
Let t(z) = 210*z + 700. What is the units digit of t(46)?
0
What is the thousands digit of (-25)/(-9) - (17 - 14) - (-141490)/45?
3
Let d = 39156 + -18691. What is the tens digit of d?
6
Let y be ((-6)/(-8) + (-24)/32)/2. What is the tens digit of (-15 - -415) + 6 + y?
0
Let l = 100 - 97. What is the hundreds digit of (-21)/(-7) - (0 - l - 105)?
1
Let g(j) = -j**3 + 29*j**2 - 21*j - 1. Let q be g(17). Suppose -5*p + q = 5*f, 4*p = -5*f + 4*f + 2482. What is the units digit of p?
0
Let u = 79 + -74. Suppose 188 = -0*r + 2*r + u*z, r - 5*z = 94. Suppose -r + 10 = -a. What is the units digit of a?
4
Suppose -25*s + 182434 = -106716. What is the units digit of s?
6
Let m = 19 - 15. Let o be 32/12 - m/6. Suppose -32 = -2*h - o*x - 10, 2*x - 52 = -4*h. What is the tens digit of h?
1
Suppose 2*w + 9208 = 4*n, -16*w - 9212 = -4*n - 12*w. Suppose -n = -9*l + 2307. What is the tens digit of l?
1
Suppose 0 = 4*v - 2*z - 104622, -16*z = 5*v - 13*z - 130783. What is the hundreds digit of v?
1
Suppose 8 = -7*f - 62. Let c = 10 + f. Suppose c = -5*p - d + 465, -3*p + 93 = -2*p + d. What is the units digit of p?
3
Let i = -9 - -6. Let u be (88/(-10) - -9)/(1/5). What is the tens digit of 13 - u/i*-6?
1
Suppose 7*i = 12*i + 12060. What is the tens digit of (5/(45/(-6)))/(4/i)?
0
What is the units digit of ((-74)/6)/((-47)/12690)?
0
Suppose 5*x = -j + 48, 5*j = 4*x - 3*x + 292. Let w = -54 + j. What is the tens digit of ((-233)/w)/(8/(-32))?
3
Suppose -f - 2*b + 1247 + 2302 = 0, 3*f + 3*b = 10653. What is the hundreds digit of f?
5
Let l(y) = -y + 4. Let h be 0*((-11)/(-2))/11. Let p be l(h). Suppose -d - n + 16 = n, -n -